pose 303 = q + g*n, 0*n = -3*q - n + 931. Is q a prime number?
True
Suppose 6 = 7*s - 113. Let z = 158 - s. Is z a composite number?
True
Is 35/10*(-4 + 34322 - 0) prime?
False
Let h be 0 + 1 - (3 + -7 - -2). Suppose 5*b - 3 + h = 0. Suppose 5*z - z - 212 = b. Is z a prime number?
True
Suppose -2*s - 2*u = -877918, -3*u + 1316835 = 3*s - 7*u. Is s a composite number?
False
Let h(j) = -241*j**3 + 4*j**2 + 8*j + 12. Let d be h(8). Is 2/9 + (d/(-27) - -3) prime?
True
Let s = -295026 - -477745. Is s a prime number?
False
Let c be (((-288)/(-30))/(-4))/(1/5). Let y be 19 + c - (3*1 - 1). Suppose -2*g + 3*g = -2*b + 802, -y*b = -4*g - 2005. Is b composite?
False
Let s = 170408 - 111919. Is s prime?
False
Let d(j) = 49*j + 709. Let n be d(30). Suppose -5*m = -m - 3864. Let a = n - m. Is a prime?
True
Let q = 209 - 206. Suppose 5*r = 7*r - q*s - 9572, -5*r + 4*s + 23923 = 0. Is r a composite number?
False
Suppose 46*k - 42*k + n - 1052251 = 0, -789184 = -3*k - 5*n. Is k a composite number?
False
Let d = -74833 - -114525. Suppose 144*o - d = 140*o. Is o prime?
True
Let g = 54344 + -30945. Is g a prime number?
True
Suppose -3*k + 3*q = -1533 - 6828, 4*q - 8 = 0. Is k prime?
True
Suppose -34*n + 14*n + 140 = 0. Suppose 2*g + n*d = 9*d + 16022, -2*d = -5*g + 40055. Is g composite?
False
Suppose 12*y - 8*y - 4944 = 0. Suppose 0 = 3*l + l + 2*h - y, -l - 2*h + 306 = 0. Suppose -w = w - l. Is w prime?
False
Suppose -48*k - 272*k = 101*k - 444492221. Is k a prime number?
True
Suppose -3*q - 3*j = -6, 3*j + 12 + 7 = 2*q. Suppose 0 = 4*s + q*t + 16 - 49, -3*t = -15. Suppose -s*l = -v - 634, 0*l + 3*l - 3*v = 945. Is l prime?
False
Let r = -90 + 100. Suppose -r*p - 16 = -14*p. Suppose 2368 + 1188 = p*d. Is d a prime number?
False
Let p = -115 + 192. Suppose -29 + p = -6*t. Let s(u) = 3*u**2 - 7*u + 5. Is s(t) composite?
True
Let x be -6*24/(-16) + 3/(-3). Suppose -61875 = -x*a + 9829. Is a a composite number?
False
Suppose -v + 2*l + 53974 = -56353, -v = -5*l - 110309. Is v a composite number?
False
Let m(v) = -v - 2. Let k(y) = -y**2 - 18*y - 16. Let h(i) = -k(i) + 4*m(i). Is h(21) prime?
True
Let r(n) = -4*n**2 + 8*n + 1. Let w be r(-8). Let o = -41 - w. Suppose o = 2*y - 664. Is y a prime number?
False
Let p = 4682337 + -2380976. Is p prime?
True
Let t = 62861 + -17742. Is t prime?
True
Let j(k) = k**3 + 35*k**2 - 35*k - 83. Let y = -55 + 23. Is j(y) a prime number?
False
Is (-150)/(-750) + 2 + 0 + (-2475268)/(-10) a prime number?
True
Let m = -1529380 - -4494699. Is m composite?
True
Let u be (-22738)/8 + ((-15)/20 - 0). Let q = u - -7824. Is q a prime number?
False
Suppose -5*r - 5327768 = -2*m, 0 = -69*m + 65*m + r + 10655590. Is m composite?
True
Suppose 4*f + 15 + 186 = -3*u, 50 = -f - u. Let j = f + 52. Is (2696/(-16))/(j/(-2)) a prime number?
True
Is 15628/(-6)*390/(-52) prime?
False
Let f = -735960 + 1304243. Is f a prime number?
False
Suppose t = -4*h - 5 + 18, -3*h - 2*t = -16. Suppose -n - 7978 = -h*b + 2*n, 5*n + 11969 = 3*b. Is b composite?
True
Let v = 84684 + -33277. Is v a prime number?
True
Suppose 3*d - 1901 = -2*t, -d - 4*d - 5*t + 3160 = 0. Suppose 2*f + 5*c = d, 9*c = 6*c - 15. Is f composite?
False
Let g be 5/(2/4 + 2/6). Let o be (22/6 + g/(-9))/(-1). Is 1/(o*(-4)/24540) composite?
True
Suppose -2518296 = -14*s - 6*s - 4*s. Is s a composite number?
True
Let y(c) = 3*c - 11. Let q be y(5). Suppose -2*b - 4*h = -9*h - 44659, -2*h - 89342 = -q*b. Is b a prime number?
False
Let w(p) = -p**2 - 5*p + 55. Let v be w(5). Is v/2 + 19517/58 composite?
True
Let q be 3 - -3686*15/12*2. Let w = 15513 - q. Is w a prime number?
False
Is (-1490589)/(-33) + (-64)/176 a composite number?
True
Suppose -8*r - 4 = -28. Suppose j + 2*d - 1714 = 1193, r*j + 3*d - 8736 = 0. Is j prime?
True
Suppose 0 = -21*v - 6101 + 25694. Let i = v - -724. Is i a prime number?
True
Let z(y) = 435*y**2 - 70*y + 1. Suppose -x - c + 1 = 10, 4*c + 20 = 0. Is z(x) composite?
True
Let n be ((11 - 1)/(-5))/((-1)/4). Suppose 3*x + 5*c = 5, -n*c - 10 = -3*c. Suppose x*p - 15 = 0, -312 = u + 2*p - 909. Is u prime?
False
Let n = -24147 - -49574. Is n composite?
True
Suppose 2037*a = 2003*a + 2552074. Is a composite?
True
Let n(i) = 213*i**2 - 93*i - 413. Is n(-38) prime?
True
Let c = 803 + -356. Suppose h - 7 - c = 4*a, 2*a - 1334 = -3*h. Let f = h - 148. Is f a composite number?
True
Suppose -9382 = -15*q + 128573. Suppose 7*z = -10*z + q. Is z prime?
True
Let x(j) = j**2 + 9*j - 1. Let v be x(-9). Is 5855 + 25 - (-1 + 1 - v) a prime number?
True
Suppose -57*q + 381662 = -911041. Is q a composite number?
False
Is (271 - 274)/(3/(-281791)) a composite number?
False
Let c(m) = m**3 - 42*m**2 - 111*m - 28. Let i be c(45). Suppose 0 = -3*z + 2*r + 635, 92*z + 3*r - i = 87*z. Is z prime?
True
Suppose -9*w + 13 = -14. Suppose -3*k - 806 = 2*j - 7*j, -2*j - w*k = -335. Is j a prime number?
True
Let g = -170 - -170. Suppose -9*m + 68110 - 26647 = g. Is m composite?
True
Suppose -160 = 2*f + 5*m - 4154, -3*f + 5984 = 4*m. Suppose f = 13*c - 7*c. Let b = 637 - c. Is b a composite number?
True
Let q = 113017 + -55074. Is q composite?
False
Suppose -6*q + 15 = -7*q + 3*x, 0 = -2*q - 5*x + 25. Suppose -10*j + 4*j + 1326 = q. Is j a prime number?
False
Suppose 7521034 - 20831473 = -51*n. Is n prime?
False
Let n(w) = -w**3 - 4*w**2 - 4*w + 7. Let l be n(-3). Let t(z) = z**2 - 9*z - 12. Let u be t(l). Is 5442/15*(-5)/u a composite number?
False
Suppose 2*h = 4*m + 2758, 0 = 3*m - 0*h - 4*h + 2066. Is ((-8)/10)/(-2) + (-1536354)/m a composite number?
True
Let v(f) = 5172*f**2 + 2*f - 16. Let k be v(-4). Suppose 2*z + 2*z - 2*n - k = 0, 2*z - 3*n - 41368 = 0. Is z composite?
False
Suppose -273083 = -x + 4*t, -35*t = 4*x - 36*t - 1092422. Is x prime?
True
Let n(p) = -8 - 125*p + 6 + 112*p - 192*p - 128*p. Is n(-13) a prime number?
True
Suppose 4578 + 414 = -6*y. Let z = y - -977. Is z a composite number?
True
Let n = -15850 - 10319. Let i = 43840 + n. Is i composite?
True
Suppose -2*z = -3*k + 1980, -6*z - 2963 = -3*z - k. Let w = z - -2269. Is w a composite number?
True
Suppose -5*x = -2*t + 12, -16*t + 20*t + 4*x = 24. Is 2*(1659/t - 0/(-5)) composite?
True
Is (-1)/(-6 - 7268330/(-1211390)) a composite number?
False
Let o be -1*((-44)/3)/4*63. Is (-112822)/(-14) + 66/o composite?
False
Let z(s) be the second derivative of -s**4/6 + 13*s**3/6 - 13*s**2/2 + 30*s. Let l be z(6). Let t(i) = 17*i**2 - 17*i + 1. Is t(l) prime?
True
Suppose 2*k + 2*k = 40. Let p(q) = q**2 - 11*q + 12. Let t be p(k). Is (1 - -2)*t/(-6)*-129 a composite number?
True
Let a(g) = 3*g + 129. Let q be a(-42). Let b(r) = -327*r**3 - r**2 + r. Let o(h) = 218*h**3 + h**2 - h. Let v(x) = -5*b(x) - 7*o(x). Is v(q) a prime number?
False
Is 275873 + 195/15 - 5 a composite number?
False
Let l = -30 + 64. Suppose p + 265 = -5*j, -2*j - l = 2*p + 504. Is (-1)/2*(-4 - p)/(-7) a prime number?
True
Let t(u) = u**2 + 2*u - 45. Let o be t(-8). Suppose -o*r + 7*r - 1898 = -2*i, -3*r = 4*i - 3781. Is i composite?
True
Let g(d) = -3031*d**3 - 19*d**2 - 11*d - 58. Is g(-7) prime?
True
Suppose q = 4*q + 12030. Let m be ((1 - -6) + 2192 + -10)*-1. Let z = m - q. Is z composite?
True
Suppose 0 = 31*y - 671431 + 2663491. Is 23/((-161)/y) - -2 a composite number?
True
Suppose 2*t - 2*m = -m + 70935, -4*t + 141877 = -m. Is t prime?
False
Let x = -11336 + 23407. Is x composite?
False
Let c = -355337 - -558058. Is c a composite number?
True
Let y be (-2 + -5 - -3)/((-28)/14). Suppose -7500 = -3*m + 4*d - 7*d, 0 = y*m - 4*d - 4970. Is m a prime number?
False
Suppose -u = -0*i - 3*i + 8, -3*i - u - 2 = 0. Suppose 2*k - 13 - i = 0. Suppose k*c - 3030 = 449. Is c prime?
False
Let m be (5*(-105752)/(-16))/((-2)/(-4)). Suppose -y + 6*l + 33060 = 7*l, -2*y + 3*l = -m. Is (-4)/(-34) - y/(-85) prime?
True
Suppose -18 = 6*p + 3*p. Is 1391 + 0 + (4 - p) composite?
True
Is (-2)/(-4) + 230586363/582 a composite number?
False
Let r be (1167*50/(-45))/((-4)/(-18)). Let o = r + 10841. Is o a prime number?
False
Let h(k) = -1286*k + 32. Let b be h(-18). Suppose b = 21*j - 7921. Is j a prime number?
True
Let s(w) be the first derivative of 13*w**5/60 + w**4/6 + 8*w**3 - 20*w**2 + 18. Let u(f) be the second derivative of s(f). Is u(-11) a prime number?
False
Let w(h) = 69